ctors of w?
59
Let g be (-8)/(-3)*84/16. Let u = g - 11. Suppose 39 = u*w - 39. List the prime factors of w.
2, 13
Let y be (2/(-4) - (-35)/10) + -1. Suppose -16 = y*s - 6*s, -3*w + 286 = -5*s. What are the prime factors of w?
2, 3, 17
Let o(x) be the third derivative of 3*x**4/8 - 5*x**3 - 13*x**2. List the prime factors of o(9).
3, 17
Let k(o) = 319*o + 30. What are the prime factors of k(4)?
2, 653
Suppose 0 = -5*v - 138 + 13. Let b = v + 117. What are the prime factors of b?
2, 23
Let h(b) = 423*b + 7. List the prime factors of h(1).
2, 5, 43
Suppose 6219 = 3*q + 1746. List the prime factors of q.
3, 7, 71
Let k = 27 - 31. Let f be (2 + -1)*k + 17. Suppose 0 = 3*q - 82 + f. List the prime factors of q.
23
Let o be ((-12)/4)/(3/(-9)). Let w = o + 27. Let r = w - 14. List the prime factors of r.
2, 11
Let c be -3 + 62 + (-2)/(-2). Let b = c + 45. What are the prime factors of b?
3, 5, 7
What are the prime factors of (-7)/(196/(-8)) - (-68)/7?
2, 5
Let c(j) = -2*j**3 - 4*j**2 - j + 7. Let q = -51 + 47. List the prime factors of c(q).
3, 5
Suppose -6 - 9 = -3*i. Suppose 0 = i*l + 2*l - 791. List the prime factors of l.
113
Let b(a) be the third derivative of -a**5/60 - 3*a**4/8 - 11*a**3/6 - 7*a**2. What are the prime factors of b(-5)?
3
Suppose -17*c = -1549 - 15672. List the prime factors of c.
1013
Let f(g) = 777*g**2 + g - 1. What are the prime factors of f(-1)?
5, 31
Let a = -432 + 756. What are the prime factors of a?
2, 3
Suppose -8416 = -7*j - 1542. List the prime factors of j.
2, 491
Suppose -2*u - 3*d = -468, 0 = 2*u - 40*d + 35*d - 436. List the prime factors of u.
2, 3, 19
Let f = -13 - -17. Suppose -106 = -3*h - d, f*h + 4*d = d + 133. What are the prime factors of h?
37
Suppose 0 = 28*b - 179532 + 54820. What are the prime factors of b?
2, 17, 131
Let k = 9 - 6. Suppose -2*a - 17 = k*a - 2*f, 4*a = 4*f - 4. Let h(w) = -6*w - 10. What are the prime factors of h(a)?
2, 5
Let n(c) = -2*c**2 + c + 10. Let s(b) = -b**2 + b + 5. Let i(x) = -4*n(x) + 9*s(x). Let v be i(5). Let a(g) = 5*g - 4. What are the prime factors of a(v)?
3, 7
Suppose -5*f + 4435 = 5*o - 985, 3*o + 3282 = 3*f. List the prime factors of f.
3, 11
Let d(q) = 21*q**2 - 5*q - 2. Suppose -3*j = -3, -h + j + 4*j = 7. Let b be d(h). Suppose -2*z - 2*z = -3*n + 172, -2*n = 3*z - b. List the prime factors of n.
2, 13
Let g = 9 + -9. Let q = g - -4. Suppose 106 = 5*u + q*n + 2, -u = n - 20. List the prime factors of u.
2, 3
Suppose -4*n + 12563 = 5*z, 0 = -5*n + 7 + 3. List the prime factors of z.
3, 31
Suppose 3*t - 9 = 0, 3*d - t + 81 = t. Let v = 28 + d. Suppose 0 = -v*x - 4*s + 45, 2*x - 50 = 3*s - 3. What are the prime factors of x?
19
Let b(q) = 3*q**3 - 2*q + 40. What are the prime factors of b(9)?
47
List the prime factors of 1068 + 4/16 + 90/24.
2, 67
Let r = 7429 - 3846. What are the prime factors of r?
3583
Let m(q) = -5*q**3. Let l be m(-1). What are the prime factors of l/15 + 2192/12?
3, 61
Let j be (-5 + -1)*2/(-4). Suppose 5 = -s, s + 91 = -u - j*s. Let f = u - -112. What are the prime factors of f?
41
Let q(p) = 2*p**2 - 59*p - 273. List the prime factors of q(47).
2, 7
Suppose -4*f + 33 = 3*r, 3*f = 3*r + 7 + 2. Let m(h) = -h**3 + 8*h**2 - h - 5. What are the prime factors of m(f)?
61
Suppose -3*d - 4*q + 67 = -8*d, 3*q - 9 = 0. Let r be -2 + 4/3 - (-44)/(-6). Let t = r - d. What are the prime factors of t?
3
Let m(v) be the first derivative of 3*v**2/2 + 5. Let l be m(2). Let q(w) = -w**3 + 8*w**2 - 8*w + 8. List the prime factors of q(l).
2
List the prime factors of 47*(-6 - 107*8/(-8)).
47, 101
Let q(s) = 5*s**2 - 10*s + 8. Let i be q(8). Suppose 21*g - 19*g = i. What are the prime factors of g?
2, 31
Let a = 5 - 2. Suppose -3*p + a*o + 141 = 0, -2*p + 0*p = o - 106. Suppose 0 = w - p + 6. List the prime factors of w.
3, 5
Let i(z) = z + 73. Let m be i(-8). Let x = 215 - m. What are the prime factors of x?
2, 3, 5
Let a(m) = 2*m**2 + 10*m - 14. Let o be a(-6). List the prime factors of (o + 8)/(4/22).
3, 11
Suppose -8*d - 1184 = -25480. What are the prime factors of d?
3037
Let l(c) = c**3 - 5*c**2 + 8*c - 2. Let y be l(3). Suppose 0*z + y*z - 143 = -3*h, 5*z + 2*h - 177 = 0. What are the prime factors of z?
5, 7
Suppose -3*b = -l - 3538, 3*b - 5*l - 880 = 2638. List the prime factors of b.
1181
Suppose 0 = 85*g - 95906 - 114639. What are the prime factors of g?
2477
Let j(v) = v**3 + 8*v**2 - 11*v - 1. Let i be j(-9). Let c = 7 - 5. Suppose m + i = c*m. List the prime factors of m.
17
Suppose -3*z - 11 = -35. Let o be (z/(-12))/((-4)/30). Suppose 2*g = 2*a + a + 24, o*a = -20. What are the prime factors of g?
2, 3
Suppose p - 4 = 2*g, -2*p + 4*g - 20 = -7*p. Suppose -p*x + 9 = -139. Let k = x + -33. What are the prime factors of k?
2
Let w be 1218/9 + 3/(-9). Let o be ((-24)/5)/((-6)/w). Suppose 5*h + 3*c - o = 0, -3*h - 2*c = h - 88. List the prime factors of h.
2, 3
Let i(f) = -2*f**2 - 2*f + 7. Let b be i(5). Let l = -27 - b. List the prime factors of l.
2, 13
Let o(y) = 56*y - 338. List the prime factors of o(10).
2, 3, 37
Let o(b) be the second derivative of -b**5/20 + 13*b**4/12 + 3*b**3 + 8*b**2 + 5*b. What are the prime factors of o(14)?
2, 3
Let c(i) = i**2 - 8*i + 11. Let b be c(7). Suppose -b*v - 6*o + 7*o + 703 = 0, -5*v + 866 = 3*o. List the prime factors of v.
5, 7
What are the prime factors of (-443)/(-4) - (-23)/92?
3, 37
Let s be (-40)/180 + (-122)/18. What are the prime factors of (-867)/s - (-12)/84?
2, 31
Suppose 3*p + 21 = -2*j, 2*p = 3*j - 2*p - 11. Let t be j/7 - (-96)/28. Suppose 5*q - 53 = 2*u - t*u, -q + 70 = 2*u. What are the prime factors of u?
3, 11
Let n(f) = 8*f**3 + 5*f**2 - 9*f + 9. Let a be n(4). What are the prime factors of ((-2)/(-2))/(2265/a + -4)?
113
Let c(a) = a**3 - a**2 + 6. Let p be c(0). Let x(z) = 2 + p - 6 + 4*z. What are the prime factors of x(5)?
2, 11
Suppose -c - 4*u = -1305, 3*u = -c - 6*u + 1310. List the prime factors of c.
1301
What are the prime factors of 3/(-15) - (-9198)/15?
613
Let p = -51 + 51. Suppose -3*r + p*r = -81. What are the prime factors of r?
3
Suppose o + 10 = 5*q - 3, 0 = 3*o - 5*q - 1. Suppose 2*m - o = 1. Suppose g - 110 = -m*g. List the prime factors of g.
2, 11
Suppose 0 = -y - 2, 121 = l - 3*y - 663. Suppose 14*c = l - 78. What are the prime factors of c?
2, 5
Let q(a) = 2 + 6*a**2 - 3*a**2 - a**2 - a - 4. Let p be q(4). Suppose 3*h + p - 68 = 0. List the prime factors of h.
2, 7
Let l(z) = -3*z**2 + z**2 - 3*z + 3*z**2 + 6. Suppose 4*a + 8*g - 4*g - 24 = 0, 3*g = 2*a - 17. List the prime factors of l(a).
2, 17
Let h(y) = -y**3 + 3*y**2 + 6*y - 5. Let k be h(4). Suppose -3*m - k = -s, -3*s + 12 = s + m. Suppose s*v - 50 = -5. List the prime factors of v.
3, 5
Let z(v) = -350*v + 1. Let q be z(-1). Let n = q + -230. List the prime factors of n.
11
Let h = 4 - 2. Let w be h/(-2) - (-34)/1. What are the prime factors of (-4)/12*w*-2?
2, 11
Suppose 3*f + 4*y = 4698, 0*y + 2*y + 6 = 0. Suppose -4*q - 558 + f = 0. What are the prime factors of q?
11, 23
Let r(i) = 95*i - 132. List the prime factors of r(10).
2, 409
Let h(n) = n + 26. Let c = -28 - -17. List the prime factors of h(c).
3, 5
Suppose -240*f = -237*f - 4518. What are the prime factors of f?
2, 3, 251
Let x be (-2 - (-1 + 1)) + 9. Suppose -78*c + 2805 = -61*c. Suppose -2*l + x*l = c. What are the prime factors of l?
3, 11
Let i(m) = -4*m - 7 - m**3 + 0*m**3 - 5*m**2 - 5*m + 4*m**2. What are the prime factors of i(-3)?
2, 19
Suppose -3*p = -4*p - 6. Let j be -2 - 1 - (p + 12). Let h(b) = -b**3 - 9*b**2 - 4*b + 4. What are the prime factors of h(j)?
2, 5
List the prime factors of (36/108)/((-2)/(-2292)).
2, 191
Suppose 0 = -l - 0*l - 778. Let r be l/(-13) - 6/(-39). Let z = r + -28. List the prime factors of z.
2
Let t be ((-1)/3)/((-8)/528). Suppose -q - c + 2 = -2*c, -t = -5*q - c. Suppose 3*d + 2*i = d + 78, -156 = -q*d - i. List the prime factors of d.
3, 13
Let d = 2407 + -1450. Suppose 339 = 9*k - d. List the prime factors of k.
2, 3
Suppose -m + 1565 = -3141. What are the prime factors of m?
2, 13, 181
Let h(i) = 115*i + 21. List the prime factors of h(4).
13, 37
Let k be 0/2 + (-2 - -2). Suppose k*n = 4*n + 8. What are the prime factors of (-40)/n - (5 + -2)?
17
Suppose 182 = 4*t - 3*n, 2*n + 15 = -5*t + 231. L